z + 40 = 5*l - 15. Calculate the remainder when l is divided by 4.
1
Suppose 2*o + v - 6 = 4, 4*v - 13 = o. Suppose -3*d + 84 = o. Suppose 0 = 3*w - 0*w - d. What is the remainder when 25 is divided by w?
7
Let z = 5 - 8. Let f = z + 33. Suppose -h + 6 + 5 = 0. Calculate the remainder when f is divided by h.
8
Suppose 0 = -6*r + 2*r - 88. Let m(f) = 3*f - 3. What is the remainder when (-6)/(1 - r/(-16)) is divided by m(3)?
4
Let b = 2 + -3. Let x be ((-18)/(-3))/(0 - b). Suppose 0 = -3*g - 0 + x. What is the remainder when 4 is divided by g?
0
Suppose 0 = -2*p + 18 - 2. Suppose -q = 4*q. Suppose -2*c + p + 0 = q. Calculate the remainder when 6 is divided by c.
2
Suppose 3*d - 45 - 12 = 0. Suppose 300 = -3*i + 7*i. What is the remainder when i is divided by d?
18
Suppose 4*x - 1 = u, u = 5*x + 1 - 3. Suppose -z = j - 3, -4*z + x = 9. Calculate the remainder when j is divided by 2.
1
Let z = 0 - -1. Let s be -2*z - (3 + -10). Suppose -3*y - s*v - 1 = 5, -4*y = -5*v - 27. What is the remainder when 4 is divided by y?
1
Let h be (2*3/(-2))/(-1). Suppose -2*d - h = -11. What is the remainder when 14 is divided by d?
2
Suppose 4*y - 8 = -2*l, -3*y - 2*l + 0*l = -7. Suppose t + y = -3*s - 0*t, -3*s - 5*t - 17 = 0. What is the remainder when ((-162)/3)/(-2) - s is divided by 14?
12
Let f = 9 + 16. Calculate the remainder when 74 is divided by f.
24
Calculate the remainder when 2/9 - 64/(-36) is divided by 1.
0
Suppose 2*o + 9 = o. Let p be (-1)/(12/o - -1). Suppose -p*u - 7 = -4*u. Calculate the remainder when 20 is divided by u.
6
Suppose -k - 4 + 6 = 0. Calculate the remainder when 7 is divided by k.
1
Suppose -75 = -3*i + 3*t, 0 = -t + 3*t - 6. Suppose -5*d = g + 3*g - i, -5*g = -5*d - 35. Calculate the remainder when 12 is divided by g.
5
Suppose 0 = 3*v - 8 - 13. Calculate the remainder when v is divided by 4.
3
What is the remainder when 127 is divided by ((336/(-35))/3)/(1/(-10))?
31
Suppose -1 = 4*g - 105. Suppose 4*l = 126 + 174. Calculate the remainder when l is divided by g.
23
Let b be (-6)/(-4)*8/6. Suppose -b*p = -8 - 0. What is the remainder when 1 - 1*(-5 + 0) is divided by p?
2
Let w = -12 - -27. Let r be (-1)/((-22)/10 + 2). Suppose -r*v = -3*i + 151, 2*i - 4*i + 59 = 5*v. What is the remainder when i is divided by w?
12
Let p = 0 + 11. Let d = -9 + 52. Calculate the remainder when d is divided by p.
10
Suppose -5*j + 5*n + 384 = -236, -10 = 5*n. Suppose 0*z + 5*l = -3*z + j, -l = -1. Calculate the remainder when z is divided by 20.
19
Let n be 4*(10/(-4) + 2). Calculate the remainder when 17 is divided by 0 + 8 - (n - -1).
8
Suppose 3 = -3*w - 2*y + 3*y, -3*y + 9 = 0. What is the remainder when 6 is divided by 0 - (0 + (-3 - w))?
0
Suppose -3*a + 2*j = -42, 3*j + 22 + 49 = 5*a. Calculate the remainder when a is divided by 6.
4
Suppose 0 = -5*r - 14 - 6. Let j = 6 + r. What is the remainder when 2 is divided by j?
0
Suppose 3*f - 2*s - 14 = 0, 4*s - 38 = -3*f - 12. Suppose 2*r + f = 16. Calculate the remainder when 2/8 - (-55)/4 is divided by r.
4
Suppose -3*r + 7 = -4*m - 42, -3*r = -m - 64. Let o be -3*((-6)/(-2) + -4). Calculate the remainder when (-6)/(((-27)/102)/o) is divided by r.
22
Let b(m) = m**3 + 3*m**2 - m - 1. Let h be 0/(1 + 0) + -3. Let l be b(h). Suppose -l*i + 28 = 2. What is the remainder when i is divided by 5?
3
Let x be 4/2*1 - -1. Suppose 0 = -4*g - 12, 4*a - g - x + 0 = 0. Suppose 2*i = 2*c - a*i - 40, 3*c - 5*i = 66. What is the remainder when c is divided by 5?
2
Suppose 0 = -y - 2*w - 0*w + 5, 5*y = 4*w + 25. Suppose -y*b - 51 = -5*u + 14, 5*u - 2*b - 62 = 0. Calculate the remainder when 35 is divided by u.
11
Suppose 0*t = 4*w + 2*t - 116, w = -2*t + 32. What is the remainder when w is divided by 18?
10
Let z(h) = 3*h. Let g = -1 + 3. What is the remainder when 17 is divided by z(g)?
5
Calculate the remainder when 47 is divided by (-8376)/(-312) - (-5)/(65/2).
20
What is the remainder when 29 is divided by 3*(-1 + 3) - -2?
5
Let k = 26 - 12. What is the remainder when 22 is divided by k?
8
What is the remainder when (13*28/(-7))/(2/(-5)) is divided by 22?
20
Suppose -o + 2*o - 18 = 0. Suppose -5*p - 49 = -14. What is the remainder when o is divided by (-2)/7 + (-72)/p?
8
Let c(s) = 5*s**3 - s**2 + 2*s - 3. Suppose 8*j = 2*l + 5*j - 23, -3 = -3*j. Calculate the remainder when c(2) is divided by l.
11
Let r = -20 + 10. Let d(y) = -y**2 - 12*y - 6. What is the remainder when 55 is divided by d(r)?
13
Suppose -4*w + 7 = -9. Let j(q) = 2*q**2 - 4*q + 3. Calculate the remainder when j(4) is divided by (-5)/(4 + (-18)/w).
9
Let a(n) = 2*n**2 + 5*n + 3. Let r be a(-3). Let j = 18 - r. What is the remainder when 0/2 + -6 + 28 is divided by j?
10
Let m = -3 - -14. Suppose -o + 7 = -14. Calculate the remainder when o is divided by m.
10
Suppose 5*x + n + 0*n = 135, 0 = 2*x + 4*n - 54. Suppose -5*m + 25 = -10. Let o = m - -3. What is the remainder when x is divided by o?
7
Suppose m = 5*u - 13, -5*m + 2 = u - 11. Suppose -71 = -5*w - 4*i, -3*w + i = -m*i - 48. Let g = 42 + -38. What is the remainder when w is divided by g?
3
What is the remainder when 8 + (32/(-2))/4 is divided by 3?
1
Let s(d) = d**2 + 6*d + 5. Let h be s(-6). Suppose q - h - 4 = 0. Suppose q = 3*o - 30. What is the remainder when 49 is divided by o?
10
Suppose -48 = 3*g - 3. Let o = -1 - g. Calculate the remainder when 53 is divided by o.
11
Let y(f) = 2*f - 20. Let u = 38 + -21. Calculate the remainder when 41 is divided by y(u).
13
Let f(k) = 15*k**2 + 7*k + 3. What is the remainder when f(-3) is divided by 30?
27
Let b(d) = d**3 - 3*d**2 - d + 2. What is the remainder when 49 is divided by b(4)?
7
Suppose -2*p - 7 + 55 = 0. What is the remainder when 65 is divided by p?
17
What is the remainder when 37 is divided by 78/6 + -1 + -2?
7
Let l(i) = -2 + 5*i**2 - 2*i**2 - 2*i**2. What is the remainder when l(-3) is divided by 4?
3
Suppose -37 = -3*a + 2. What is the remainder when 64 is divided by a?
12
What is the remainder when (-262)/(-6) - 2/3 is divided by 22?
21
Let j = 10 - -2. Let z = j + -1. Calculate the remainder when z is divided by 6.
5
Suppose 5*g - 6*g = -6. Let i = -44 + 66. What is the remainder when i is divided by g?
4
Let s(g) = g - 1. Let u(o) = -18*o - 3. Let z(n) = 5*s(n) + u(n). What is the remainder when z(-4) is divided by 12?
8
Suppose -6 = 5*g + 4, 5*v = 4*g - 492. Let j = v - -150. What is the remainder when j is divided by 17?
16
Suppose 14*j - 102 = 80. Suppose 0 = -2*x - 2*x + 40. Suppose -4*v + 110 = x. Calculate the remainder when v is divided by j.
12
What is the remainder when 1/(-1)*(-30 + -11) is divided by 7?
6
Let t = 1 - 1. Suppose 3*v - 14 - 34 = t. Suppose -v = -b - 3*b. What is the remainder when 7 is divided by b?
3
Let v be 2*(2 + 6/4). Let x(q) = 4 + v - 2 + q**2. What is the remainder when 16 is divided by x(0)?
7
Suppose 4*j - 20 = -0*j. Calculate the remainder when 14 is divided by (8/j)/((-2)/(-10)).
6
Suppose 294 = 9*y + 24. Suppose -2*f = f. Suppose -1 + f = -l + 3*a, 3*l = 2*a + 38. What is the remainder when y is divided by l?
14
Suppose -9 + 2 = -3*s - u, 4*u - 12 = -4*s. Suppose -4*n - s*i + 56 = 0, -n + 8 = 2*i - 0*i. Calculate the remainder when 61 is divided by n.
13
Suppose 0 = -q + 3*f + 104, 2*q + 5*f - 182 = -18. Calculate the remainder when (q/16)/((-3)/(-24)) is divided by 24.
22
Let c(x) = 10*x - 74. Let p(j) = j**2 - 2*j + 2. What is the remainder when p(4) is divided by c(8)?
4
Let t(j) = 0*j - 7 + 3*j**2 + 2*j - 2*j**2. What is the remainder when t(6) is divided by 14?
13
Let d be (-8)/(-6)*3*-1. Let q(p) be the third derivative of p**5/20 + 5*p**4/24 + p**3/6 + 5*p**2. What is the remainder when q(d) is divided by 15?
14
Let b(y) = -y + 18. Let w be b(13). Let k(s) = s**3 - 3*s**2 - 2*s. What is the remainder when k(w) is divided by 14?
12
Suppose -26 - 14 = -2*w. What is the remainder when 79 is divided by w?
19
Let t be (20/25)/((-2)/10). Let j(d) = -d**2 - 11*d + 21. What is the remainder when t*(1 + 57/(-6)) is divided by j(-12)?
7
Let x(m) = -m + 10. Suppose -s = -14 - 27. Calculate the remainder when s is divided by x(-4).
13
Suppose 248 = -36*n + 44*n. What is the remainder when n is divided by 12?
7
Suppose -7 = -0*c - 2*c - r, r = 5*c - 14. Suppose -k = -c*k + 4. Supp